/8 + 59*h**3/3 + 46*h**2 - 23*h. Calculate a(-5).
8
Let o = -12887 - -12886. Let r(k) = 59*k - 5. What is r(o)?
-64
Let q(d) = 2*d + 5. Let o = 523 + -521. Suppose -5*v + o*a - a + 28 = 0, a - 8 = -v. What is q(v)?
17
Let w(i) = -47*i - 513. Let d = -2131 + 2120. Calculate w(d).
4
Suppose -774 = -77*j - 57*j + 48*j. Let w(p) be the first derivative of p**2/2 - 4*p - 1. What is w(j)?
5
Suppose -8 = 3*i - q - 12, 3*i + 16 = 5*q. Let g be 0/(i*(-5)/15). Let x(w) = w**2 + w + 1. Determine x(g).
1
Let k(j) = j**2 + 6*j - 5. Suppose 0 = -4*v - 4, -q + 0*q - 2 = -4*v. Let b be k(q). Let i(f) = 30*f**2 + 16 + 2*f - 31*f**2 - 10 - 3*f. Calculate i(b).
-14
Let u = -394 + 397. Let d(n) = 222 + 6*n - 220 - u*n. Determine d(-3).
-7
Suppose -6*g = 3*v + 36, 3*g - v + 33 = 10. Let z(k) = -k**2 - 10*k - 11. Give z(g).
10
Let c = -9 - -12. Let r(b) = 19*b + 4 - 17*b + 4*b**2 - b**c - b**2. Suppose 0 = z + 3*n - 223 + 231, 12 = 5*z + 2*n. Give r(z).
-4
Let u = -105 - -34. Let g = -68 - u. Let s(c) = g*c**3 - 3 - 2*c**3 + 69*c**2 - 67*c**2 - 2*c. Give s(-3).
-6
Let w(p) = -4*p**3 - 10*p**2 - 16. Let g(n) = n**3 + n**2 - 3*n + 2. Let j(r) = 3*g(r) + w(r). Give j(-5).
-15
Let h be -44 + -1 - (17 + -20). Let n = -47 - h. Let f(k) = -k - 4. Give f(n).
1
Let d(k) = -3*k + 1 + k**3 + 1 - 5. Suppose 0 = -4*j - 4*i + 28, 3*j = -2*i + i + 13. Suppose 103 - 97 = -j*x. What is d(x)?
-5
Let t(g) = -4*g**3 - 70*g**2 - 26*g - 76. Let w(z) = -z**3 - 17*z**2 - 7*z - 19. Let b(v) = -3*t(v) + 13*w(v). What is b(-10)?
11
Let f(n) = 11*n + 92. Let p = -1625 + 1616. Determine f(p).
-7
Suppose -5*v = 2*x - 32, 2*v - 30 + 4 = -2*x. Suppose 4*o = -4*c + 36, -o - x*c + 13*c = 0. Let z(t) = t**3 - 7*t**2 + 6*t + 1. Determine z(o).
1
Let o = -4 - -3. Let g(q) = -2*q**2 + 4*q**2 + q - 138200*q**3 + 138222*q**3 + 0*q**2. Determine g(o).
-21
Let w(n) = 3*n**3 + 3*n**2 + n + 1. Let d(i) = -i**2 - 21*i + 4. Let c be d(-21). Suppose -c*z + 163 - 171 = 0. What is w(z)?
-13
Let p(h) = 1 - 6*h - 3*h + h + 1. Let l(z) = -z**3 + 5*z**2 - 2*z - 2. Let a be l(3). Suppose -a = 8*d - 3*d. Give p(d).
18
Let t(s) = 4. Let j(p) = -9*p - 20. Let x(i) = i - 1. Let d(v) = j(v) + 2*x(v). Let q(g) = d(g) + 6*t(g). Give q(5).
-33
Let l(d) = 9*d**2 - 8*d - 13. Suppose 48 = -0*j + 8*j. Let t(q) = -10 + 20 - j - 4*q - 11 + 5*q**2. Let u(k) = 4*l(k) - 7*t(k). What is u(6)?
9
Suppose 0 = -7*p + 3*p. Suppose p = -8*l + 4*l + 4. Let t(o) be the first derivative of -7*o**3/3 + o - 85. Give t(l).
-6
Let c(o) = o**2 + 17*o - 5324. Let x be c(-82). Let a(f) = f**2 - 13*f + 44. Determine a(x).
2
Suppose -4*d = 1 - 5. Let u(o) = -o**3 + o**2 + o. Let c(q) = -3*q**3 - 4*q**2 - 6*q - 6. Let w(z) = d*c(z) - 2*u(z). Determine w(-5).
9
Let z(o) = 4*o**2 - 2*o + 2. Let i(t) = 14*t + 179. Let p be i(-13). Determine z(p).
44
Let f(n) = n**3 - 6*n**2 + 7*n - 6. Let l(p) = -566*p + 2834. Let q be l(5). Give f(q).
-10
Let v(h) = 6*h + 1. Let a(r) = r**2 + 15*r + 5. Let f(z) = a(z) - 2*v(z). Let s = 0 - -3. Suppose -w + 2*w + s = 0. Give f(w).
3
Let u = -1618 - -1623. Let a(v) = 2*v**2 - v - 24. What is a(u)?
21
Let y(c) = 2*c + 3*c + 3 - 4 - 3*c. Let b = -360 + 240. Let s be 90/b*8/(-2). Give y(s).
5
Suppose 4*b + 4 = -k + b, -4*k - 5*b = 2. Suppose -4*u - 4*q = -20, 6*u = u + q + 7. Let j(d) = -3*d + 84*d**2 + u + 70*d**2 - 155*d**2 - d**3. Determine j(k).
-16
Let r(t) = -t**2 + 9*t + 10. Let x = 89 + -99. Let n be (-18)/x*5 - (0 - -2). Give r(n).
24
Let l(k) = -30*k - 2. Let o(c) = -c**3 + 11*c**2 + 392*c + 30. Let p be o(-15). Give l(p).
-2
Let p(q) = 6*q**2 + 4*q - 5. Let z be p(-4). Let u = z - 40. Suppose 0*g = -2*g + 2*x - 18, -5*g - 5*x = u. Let h(l) = l**3 + 7*l**2 - 8*l - 1. Give h(g).
-1
Let b(p) be the second derivative of p**5/30 - p**4/8 + p**3/6 + 2*p. Let u(t) be the second derivative of b(t). Let k be 2*24/28 - 270/(-945). Calculate u(k).
5
Let b be 128/6*(-456)/(-304). Let d(l) = l**2 - 34*l + 50. What is d(b)?
-14
Let g(a) = a**3 - 6*a**2 - 71*a + 10. Let o be g(-6). Let u(t) be the second derivative of 2*t**3/3 + 2*t**2 - 66*t. Give u(o).
20
Let j(p) = p**2 - 21*p + 148. Let s be j(8). Let v(m) = -33*m - 23 + s + 32*m - 16. What is v(9)?
-4
Let r(z) = 9*z**3 - 16*z**2 + 10*z + 29. Let h(d) = 16*d**3 - 31*d**2 + 20*d + 47. Let j(y) = 4*h(y) - 7*r(y). What is j(11)?
-26
Let j(w) = w**2 - 14*w + 13. Let s = 6559 + -6547. Give j(s).
-11
Suppose -39 = -82*u + 69*u. Suppose -4*b + 27 = -b + u*m, 4*m - 6 = -b. Let i(y) = -y**3 + 9*y**2 + 12*y - 15. Calculate i(b).
5
Let x(q) = 44287 + 13*q - 44133 - 6*q. Give x(-24).
-14
Let i(o) = -2*o**3 + 12*o**2 - 5*o + 27. Let t = -11692 - -11698. Calculate i(t).
-3
Suppose -6*z + 4*y - 10 = -8*z, 0 = -z - y + 10. Suppose 0 = -z*f - 28 + 43. Let v(j) be the first derivative of 7*j**2 - 4. Calculate v(f).
14
Suppose 10 = 7*f - 2*f. Let u(y) = 1 + 2*y**f - 3*y**2 + 3*y - y**3 - 4*y. Let k = 12080 + -12080. Determine u(k).
1
Let s(l) = -4471*l + 4461*l - 54 - 10. What is s(-5)?
-14
Let n = -29 - -15. Let j = n - -20. Let d(h) be the first derivative of -h**3/3 + 4*h**2 + 2*h - 3552. What is d(j)?
14
Let q(d) = d**3 - 5*d**2 - 14*d - 4. Let m be (-9)/72 + 5 + 54/48. Give q(m).
-52
Let v(j) = j**3 - 12*j**2 + 34*j + 2. Let g(x) = 2*x**2 - 30*x - 26. Let b be g(16). Let a be v(b). Let c(q) = q**2 + 10*q - 2. Determine c(a).
-2
Let l(r) = 2382 + r**3 - 10*r - 4788 + 2399 + 4*r**2 + 2*r. Let s = -4 - 1. Calculate l(s).
8
Suppose 3834*u - 3890*u + 168 = 0. Let z(k) = -10*k - 1. Give z(u).
-31
Let t(q) be the second derivative of 5*q**3/3 + 75*q**2 - q + 96. Determine t(-14).
10
Let v(y) = 33*y**2 + 8 + 7*y - 2 + 37*y**2 + 2 - 110*y**2 + 41*y**2. Let d be (5/4)/(1/(-4)). What is v(d)?
-2
Let g(z) = -z**3 - 76*z**2 + 82*z + 392. Let o be g(-77). Let u(w) = -w**3 + 7*w**2 - 2*w - 6. What is u(o)?
-20
Let t(z) = 546*z**2 + 4 - 12*z + 4 - 545*z**2. What is t(12)?
8
Let a(u) = 3*u - 4. Let r(v) = -v + 2. Let d(z) = -4*a(z) - 9*r(z). Let k = 3363 + -3364. Calculate d(k).
1
Let g(y) = 10*y - 15. Let m be -1 - 2/4*240/(-20). Calculate g(m).
35
Let h(o) = o**3 + o**2 + 2*o + 3. Let q be h(-2). Let s(z) be the third derivative of z**4/24 + 4*z**3/3 - 3*z**2 - 17*z. Give s(q).
3
Let q(z) be the third derivative of -1/3*z**3 - 1/20*z**5 + 0*z + 1/120*z**6 - 1/12*z**4 + 90*z**2 + 0. Give q(4).
6
Suppose -2*p = 5*x - 64, x + 84*p = 89*p + 2. Let l(n) = -n**3 + 10*n**2 + 22*n + 22. What is l(x)?
-2
Let b be (-1)/((-4)/84)*12/14. Suppose 0 = t - d + 4, 3 + b = t + 4*d. Let q(o) = -4 - 6 + t - o**2 + 3133*o - 3122*o. Give q(10).
1
Let j(o) = 37*o**2 + 139*o + 186. Let r(p) = 13*p**2 + 50*p + 63. Let c(f) = 6*j(f) - 17*r(f). Determine c(13).
6
Let b(a) = -a**3 - 5*a**2 + 9*a + 6. Let t(l) = -l**3 - 5*l**2 + 12*l + 8. Let y(o) = -4*b(o) + 3*t(o). Calculate y(-3).
18
Let x(r) = -r + 3 - 5 + 1. Let q be (-12)/(36/33) - (-7 + -10). Give x(q).
-7
Let h(f) = -7 - f**2 + 2 + 3*f + 2. Let g be ((-1592)/16 + 0)*2. Let p = g + 202. What is h(p)?
-3
Let a(z) = 13*z + 59. Let l = -7410 + 7402. Give a(l).
-45
Let o(m) = m + 195*m**3 + 3 - 6*m**2 - 194*m**3 - 4*m. Let h = -1482 - -1487. Determine o(h).
-37
Suppose 7*p = 3*p + 8. Let q(g) = 6*g**2 + 3. Let j be q(p). Let i(c) = -18*c - 8*c + j*c. Determine i(5).
5
Let p(b) = 15*b**3 - b**2 - 2*b + 2. Let v(g) = 17*g**3 + 23*g**2 + 5*g + 74. Let x(i) = p(i) - v(i). What is x(-12)?
12
Let f(p) = -p**3 + 4*p**2 + 9. Let w = -15 + 24. Let c(y) = -23*y**2 - 28 - w + 8*y**2 + 5*y**3. Let s(a) = -2*c(a) - 9*f(a). What is s(-6)?
-7
Let c(s) = 2*s**2 - 16*s + 2. Suppose 4*g + 28 = 4*u, 8*g - 12*g = -3*u + 20. Let v(r) = r**2 - 8*r + 8. Let i be v(u). Give c(i).
2
Let l(t) be the second derivative of 7*t**3/3 - 163*t**2/2 - 1390*t - 1. What is l(12)?
5
Let o be (-180)/75*(-190)/4. Let y be (o/8)/(-3*3/36). Let l = y - -53. Let t(i) = -2*i + 1. Calculate t(l).
9
Let s(d) be the second derivative of d**4/12 - 9*d**3/2 - 41*d**2/2 + 15*d - 19. Give s(28).
-13
Let o(i) = 2*i**2 + 2*i + 9. Let d be 56 + -47 - (3 - -1). Calculate o(d).
69
Let v(t) = 24*t**3 - t**2 + 2*t - 1. Suppose 4*x = 40*g - 39*g + 11, -2*x + g = -7. Suppose -x*o = -5*i - 1, 9 - 10 = -4*i + o. Give v(i).
24
Let n = 798 - 796. Let l be n + 3 - 11 - -11. Let s(r) = r**2 - 5*r + 1. What is s(l)?
1
Let b be (-1)/3*-19 - 